10*q - 99. Calculate o(-11).
748
Let u(m) = -326*m + 1729. Give u(5).
99
Let k(n) = 21*n + 624. What is k(-31)?
-27
Let z(n) = n**3 + 13*n**2 + 5*n + 86. Calculate z(-13).
21
Let x(q) = 8*q - 132. Determine x(8).
-68
Let z(n) = -3*n**2 + 212*n - 301. What is z(68)?
243
Let c(l) = l**3 - 13*l**2 - 16*l + 22. What is c(14)?
-6
Let v(i) = 3*i**3 + 20*i**2 + 81*i + 615. Give v(-7).
-1
Let k(m) = -21*m**3 + 3*m**2 - 3*m + 11. Determine k(2).
-151
Let y(b) = -67*b - 362. Give y(-6).
40
Let t(p) = 2*p**3 - 14*p**2 + 22*p - 18. Give t(5).
-8
Let f(h) = h**3 - 9*h**2 + 16*h - 47. Give f(8).
17
Let x(w) = 2*w**2 - 332*w - 1777. Calculate x(171).
-67
Let h(g) = -g**3 - 11*g**2 - 26*g - 48. Calculate h(-6).
-72
Let w(g) = -g**2 - 3*g - 23. Give w(7).
-93
Let p(v) = -7*v**2 + 47*v + 203. What is p(-4)?
-97
Let a(k) = k**2 - 16*k + 2. Calculate a(17).
19
Let q(r) = -19*r**2 + 201*r - 96. Calculate q(10).
14
Let f(o) = -7443*o + 282840. Calculate f(38).
6
Let i(c) = 10*c**2 + 529*c - 49. Give i(-53).
4
Let x(i) = 1142*i + 24002. What is x(-21)?
20
Let s(q) = -15*q - 995. Give s(-65).
-20
Let j(o) = -o**3 + 21*o**2 + 98*o - 18. Determine j(25).
-68
Let j(a) = -a**2 + 8*a + 11. Give j(15).
-94
Let p(m) = 14*m - 1136. Determine p(85).
54
Let t(y) = -y**2 + 6311*y + 12617. Give t(-2).
-9
Let a(r) = -r**2 + 8*r + 43. What is a(9)?
34
Let f(g) = g**2 - 22313*g - 2. Determine f(0).
-2
Let g(n) = -4*n**2 + 17*n - 257. Determine g(9).
-428
Let j(h) = -15*h**2 + 49*h + 49. Give j(4).
5
Let v(s) = -259*s**2 + 4144*s - 4. Give v(16).
-4
Let k(n) = n**2 + 23*n - 276. Determine k(9).
12
Let d(x) = -2*x**3 + 160*x**2 + x + 39. Give d(80).
119
Let w(y) = -1440*y + 67668. Determine w(47).
-12
Let t(l) = -l**3 + 20*l**2 - 192*l + 3337. Calculate t(19).
50
Let y(a) = -657*a + 3972. Calculate y(6).
30
Let w(h) = -19*h**2 + 80*h - 18. Determine w(4).
-2
Let u(m) = -5*m**2 - 63*m - 42. Calculate u(-13).
-68
Let i(b) = -b**3 - 8*b**2 - 36*b - 261. Calculate i(-8).
27
Let w(j) = 4*j**3 + 14*j**2 - 37*j + 21. Give w(2).
35
Let o(u) = -4*u**3 - 14*u**2 + 29*u + 128. Calculate o(-5).
133
Let h(n) = n**3 + 23*n**2 + 112*n + 16. Give h(-16).
16
Let v(d) = -23*d**2 - 393*d - 37. What is v(-17)?
-3
Let f(s) = -21*s + 260. Determine f(17).
-97
Let t(d) = -d**3 - 82*d**2 + 164*d - 6. Determine t(2).
-14
Let x(s) = -2*s**3 - 113*s**2 + 174*s + 79. What is x(-58)?
79
Let w(k) = 25*k - 291. Calculate w(11).
-16
Let i(t) = t**2 - 175*t + 870. Determine i(5).
20
Let k(u) = u**2 - 54*u - 51. What is k(50)?
-251
Let r(n) = 4454*n + 26674. Give r(-6).
-50
Let u(j) = j**2 - 80*j - 257. What is u(83)?
-8
Let w(z) = -z**2 + 113*z - 470. What is w(106)?
272
Let l(k) = -34*k + 745. What is l(45)?
-785
Let k(b) = -b**3 - 27*b**2 - 51*b + 63. Calculate k(-25).
88
Let s(y) = -4*y**3 - 4*y**2 + 592*y - 590. Give s(1).
-6
Let x(f) = -334*f - 1662. Give x(-5).
8
Let y(a) = -a**2 - 92*a - 1964. Give y(-35).
31
Let y(f) = -f**2 + 265*f + 1348. Give y(-5).
-2
Let h(y) = -y**3 - 11*y**2 + 305*y + 3631. Give h(-13).
4
Let m(w) = 164*w - 1637. Give m(11).
167
Let y(o) = -39*o - 932. Calculate y(-24).
4
Let w(n) = -10*n**3 - 3*n**2 - 328*n + 662. What is w(2)?
-86
Let t(f) = 54*f**3 + 261*f**2 - 52*f - 35. What is t(-5)?
0
Let l(f) = -f**3 - 34*f**2 + 91*f - 94. Calculate l(-36).
-778
Let j(k) = -2*k**3 - 13*k**2 - 52*k - 609. Calculate j(-8).
-1
Let y(q) = 88*q + 11066. Determine y(-128).
-198
Let i(k) = -5*k**2 + 186*k - 552. What is i(34)?
-8
Let s(f) = -2*f**3 - 194*f**2 - 183*f + 772. Determine s(-96).
-92
Let f(g) = -15*g**2 - 1799*g + 113. Give f(-120).
-7
Let r(a) = -a**2 - 59*a + 263. Give r(4).
11
Let s(y) = -3*y**2 - 215*y - 2741. Calculate s(-55).
9
Let x(v) = -v**3 - 38*v**2 - 249*v - 11223. Calculate x(-39).
9
Let i(s) = -236*s**2 - 655*s. What is i(-3)?
-159
Let g(p) = 7*p**2 - 64*p - 1. Give g(8).
-65
Let q(y) = -144*y + 14646. Determine q(102).
-42
Let d(g) = -g**3 + 38*g**2 - 297*g - 31. Calculate d(27).
-31
Let s(h) = -h**3 - 45*h**2 - 349*h + 11. Determine s(-10).
1
Let x(w) = -w**3 + 9*w**2 - 18*w + 58. Calculate x(9).
-104
Let b(t) = 15*t**2 - 62*t - 60. What is b(-1)?
17
Let n(w) = -6*w**2 - 141*w - 194. Give n(-22).
4
Let c(q) = 7*q**2 - 87*q + 316. Give c(6).
46
Let m(s) = 45*s + 512. Give m(-11).
17
Let c(i) = -21*i**2 + 569*i - 3414. Calculate c(9).
6
Let c(g) = -g**2 + 48*g - 579. Determine c(20).
-19
Let r(z) = -7*z + 10. What is r(8)?
-46
Let w(a) = -a**3 + 17*a**2 - 10*a - 563. Calculate w(11).
53
Let q(c) = 2*c**3 - 16*c**2 - 32*c + 32. Determine q(10).
112
Let i(f) = 22*f**2 + 201*f - 10. Determine i(-9).
-37
Let g(i) = i**2 + 46*i + 313. Calculate g(-9).
-20
Let x(p) = p**3 - 42*p**2 - 7*p + 206. What is x(42)?
-88
Let k(d) = d**2 - 19*d + 39. What is k(5)?
-31
Let f(n) = -2*n**3 - 18*n**2 - 143*n - 1026. What is f(-8)?
-10
Let l(m) = -33*m + 561. What is l(17)?
0
Let d(i) = -55*i**2 + 443*i + 1. Calculate d(8).
25
Let l(g) = g**2 + 27*g - 146. Determine l(-37).
224
Let m(x) = -x**3 + 109*x**2 + 1189*x + 145. What is m(119)?
26
Let h(o) = 99*o - 6328. What is h(64)?
8
Let s(d) = -3*d**2 - 17*d - 14. What is s(-4)?
6
Let g(s) = -107*s - 3759. Determine g(-34).
-121
Let z(q) = 2*q**2 - 76*q + 702. Calculate z(16).
-2
Let t(x) = -x**2 + 17*x + 196. Calculate t(25).
-4
Let g(d) = -6*d**3 - 15*d**2 - 2*d + 13. Determine g(-4).
165
Let g(v) = -v**3 + 7*v**2 - 3*v - 12. Determine g(4).
24
Let l(w) = -2*w**3 + 8*w**2 - 16*w + 77. Give l(6).
-163
Let n(u) = -37*u + 276. Calculate n(11).
-131
Let a(h) = -h**2 + 182*h - 2358. What is a(14)?
-6
Let t(p) = 2*p**2 + 53*p + 389. What is t(-17)?
66
Let k(h) = -8*h**2 - 140*h + 2503. Give k(11).
-5
Let c(p) = -3*p**2 - 378*p - 37. Determine c(-126).
-37
Let c(j) = -13*j - 70. What is c(-25)?
255
Let m(i) = -101*i**2 - 616*i - 95. Calculate m(-6).
-35
Let q(p) = p**3 + 71*p**2 - 91*p - 1361. Calculate q(-72).
7
Let u(r) = 17*r + 593. What is u(-6)?
491
Let p(h) = -82*h - 2180. Determine p(-29).
198
Let r(i) = -i**3 - 3*i**2 + 47*i + 83. What is r(-8)?
27
Let c(l) = -3*l - 150. Determine c(-129).
237
Let y(s) = 2*s**2 + 44*s - 100. Calculate y(-24).
-4
Let i(q) = q**3 - 31*q**2 - 69*q - 94. Determine i(33).
-193
Let v(g) = g**3 - 33*g**2 + 32*g - 201. What is v(32)?
-201
Let k(h) = -27*h + 248. What is k(14)?
-130
Let i(c) = -c**3 - 14*c**2 + 33*c + 31. Calculate i(-16).
15
Let u(r) = 2*r**3 + 2*r**2 - 18*r - 16. Give u(-6).
-268
Let a(r) = r**2 - 12*r + 88. What is a(23)?
341
Let r(k) = k**3 + 27*k**2 + 52*k + 4. Calculate r(-25).
-46
Let f(b) = 2*b**2 + 4791*b + 9578. Give f(-2).
4
Let n(m) = -700*m + 11162. Determine n(16).
-38
Let w(t) = -1686*t + 8427. Calculate w(5).
-3
Let u(g) = -g**2 + 32*g + 60. Calculate u(35).
-45
Let n(w) = -82*w - 733. Determine n(-9).
5
Let v(u) = -484*u - 3005. What is v(-6)?
-101
Let z(d) = 5*d + 176. Determine z(23).
291
Let u(m) = 2328*m + 23275. Determine u(-10).
-5
Let f(h) = -3*h**2 + 231*h - 366. What is f(75)?
84
Let u(h) = -2*h**3 - 182*h**2 + 180*h - 356. What is u(-92)?
12
Let n(t) = 566*t - 1125. Give n(2).
7
Let g(k) = -4*k - 5. What is g(21)?
-89
Let d(r) = -726*r + 272246. Determine d(375).
-4
Let p(a) = 180*a + 1810. Determine p(-10).
10
Let b(d) = d**2 + 176*d - 52286. Determine b(157).
-5
Let w(u) = 325*u - 51349. Give w(158).
1
Let z(d) = -18*d**2 + 115*d + 72. Determine z(7).
-5
Let h(r) = 48*r - 2412. Calculate h(50).
-12
Let w(n) = -35*n - 81. Determine w(0).
-81
Let y(u) = 223*u + 68683. Give y(-308).
-1
Let d(f) = -f**2 + 31*f + 31. Determine d(34).
-71
Let p(x) = 23*x**2 - 49*x + 48. What is p(1)?
22
Let m(a) = -a**2 + 102*a - 991. What is m(12)?
89
Let r(z) = 6*z**3 - 47*z**2 - 13*z + 35. Give r(8).
-5
Let v(d) = 89*d + 887. Calculate v(-10).
-3
Let b(o) = 24*o - 61. Give b(5).
59
Let r(o) = -266*o - 805. Calculate r(-3).
-7
Let r(j) = j + 31. Determine r(-5).
26
Let n(k) = 23*k**2 + 155*k - 90. Calculate n(-6).
-192
Let t(o) = -3*o**2 + 3*o - 18. What is t(-4)?
-78
Let n(a) = -223*a + 2432. Determine n(13).
-467
Let u(o) = -o**3 + 18*o**2 - 23*o + 45. Give u(17).
-57
Let z(o) = 387*o + 4649. Give z(-12).
5
Let u(l) = -l**2 - 13*l + 41. Give u(-17).
-27
Let z(t) = t**3 + 160*t**2 - 4422*t - 1101. Give z(-184).
3
Let t(s) = 5*s**2 - 74*s - 449. Give t(-6).
175
Let h(f) = -594*f - 1217. Cal